. Let v be n(2). Let j(x) = -9*x - 3. Let a be j(v). What is the units digit of 38*3*4/a?
9
Let t(k) = -27*k - 7. Let m be t(-2). Suppose -l + 5 = -m. What is the units digit of l?
2
Let q(l) = -l**2 + 20*l - 49. Let r(x) = 5*x**2 - 80*x + 196. Let v(t) = -9*q(t) - 2*r(t). What is the units digit of v(-18)?
5
Let c(j) be the first derivative of -j**4/4 + 5*j**3/3 - 3*j**2/2 + 4*j + 1. Let z be c(4). Let i = z + -7. What is the units digit of i?
1
Suppose -6 = 2*x + 3*z, x = -2*x + z - 20. Let r be x/5 - 3/(-15). What is the units digit of -3*r/(9/12)?
4
Suppose -3*w - 21 + 12 = 0. Let i be 10*(-2)/4*1. What is the tens digit of i*(w - 84/20)?
3
Let g = 24 + -21. Let v be 176 - (12/g)/(-1). Suppose 2*h = 3*h - 4*c - 31, 4*h - 2*c - v = 0. What is the tens digit of h?
4
Let v be 624/(1 - -2) + 2. Let h = -146 + v. Let s = h - 38. What is the tens digit of s?
2
Let z = 3577 - 1166. What is the units digit of z?
1
Let a(k) = k**3 + 15*k**2 + 34*k - 27. What is the tens digit of a(-11)?
8
Let c(l) = -l**2 - 7*l + 2. Let d be c(-10). Let f = d + 54. What is the units digit of f?
6
Let t be (-10 + 3)*(-12 - -1). Suppose 2*f = 391 - t. What is the units digit of f?
7
Let j be (7 - 6)*(22 - 0/2). Suppose -23*l + j*l + 286 = 0. What is the hundreds digit of l?
2
Let m(r) = 11*r**2 + 10*r + 24. Let x be m(-3). Let z = -69 + x. What is the units digit of z?
4
Let l be ((-44)/8 - -5)*-4. Let t = 8 + -32. What is the tens digit of 1 - t - (l - -1)?
2
Let q = -346 + 544. What is the units digit of q?
8
Suppose 2 = 2*b - 24. Suppose b*d - 8*d - 15 = 0. What is the units digit of 1 + d + 14/14?
5
Let t be -5*((-3)/1 - -2). Suppose t*y = 6 - 1. What is the units digit of (0 + (-3 - -12))*y?
9
Let r(j) = -60*j - 20. What is the units digit of r(-3)?
0
Let x = 27 - 13. Let n = x - 14. Suppose n = -4*a - a + 160. What is the units digit of a?
2
Let a(g) = g**2 - 6*g + 8. Let q be (1 + 1)/((-2)/(-7)). Let t be a(q). Suppose -4*b = b - t. What is the units digit of b?
3
Let s(c) = -3*c + 23. Let m be s(8). What is the hundreds digit of (9 - 12) + m/(2/(-420))?
2
Let g(u) = 57*u**2 - 8*u - 35. What is the hundreds digit of g(-3)?
5
Suppose -356 = -9*b + 5*b. Let n = -139 + b. Let u = 85 + n. What is the units digit of u?
5
Let q be (-8)/6*9/(-2). Let s be q/2 - (-44 + 9). Suppose -2*v + 0*v + 5*r + s = 0, 4*r + 52 = 4*v. What is the units digit of v?
9
Let w(x) = 2*x**2 + 13*x - 21. Let u = 36 + -47. What is the units digit of w(u)?
8
Suppose 4*x + x = 4020. What is the tens digit of x?
0
Suppose -846 = -8*x + 2*x. What is the hundreds digit of x?
1
Let d = -86 - -82. What is the units digit of (6*(-424)/(-30))/(d/(-10))?
2
Let p(k) be the second derivative of k**3/6 + 2*k. Let o be p(0). Suppose -90 = -2*t - o*t. What is the units digit of t?
5
Let q = 21 - 24. Let p be (2 + q)*-1*-1. What is the units digit of (1/p)/(1 - 2)?
1
Suppose p - 20 = -3*p. Suppose -4*x + 15 = -2*h + 1, 4*x = p*h + 5. Suppose -48 = -4*z - 0*t + 4*t, -h*z = t - 36. What is the units digit of z?
2
Let i be (5*(-18)/(-24))/(6/80). What is the tens digit of 5*(i + (-25)/5)?
2
Let j(w) be the third derivative of w**6/120 + w**5/60 + 14*w**3/3 - 8*w**2. Let z be j(0). Suppose 6*o = 2*o + z. What is the units digit of o?
7
Suppose -20*q + 21*q - r - 3043 = 0, -5*q + 15218 = -2*r. What is the tens digit of q?
4
Let o = -5 + 23. Suppose -3*q = 6*q - o. What is the units digit of q?
2
Let f be -3 + -8 + (0/1 - 4). What is the tens digit of ((-106)/(-3))/(f/((-135)/2))?
5
Let k(m) be the third derivative of m**5/60 + m**4/12 + m**3/6 - 14*m**2 + m. Let c = 6 + -11. What is the units digit of k(c)?
6
Suppose -22 = -4*g - 2. Suppose -g*d + 121 = -2*v, -d - 2*d + 3*v = -78. Let x = -14 + d. What is the units digit of x?
9
Suppose -10 = -5*k + 3*k. Suppose -f - 344 = -k*f. What is the units digit of f?
6
Let q be (-2)/12 + (-382)/12. Let g = -19 - q. What is the units digit of g?
3
What is the tens digit of 5*((-20)/(-4) + 88 - 0)?
6
Let z be 75/7 + (-6)/(-21) + 0. Let g = z + 46. What is the tens digit of g?
5
Let u be (44 - -16)*(-164)/(-10). What is the units digit of (u/16)/((-6)/(-8))?
2
Let f(n) = 43*n**3 + 7*n - 11. What is the tens digit of f(3)?
7
Let h(d) = -d**3 - d**2 - 53*d + 51*d + 28 + 24. What is the tens digit of h(0)?
5
What is the hundreds digit of ((-31)/4)/((-100)/13200)?
0
Suppose 5*r - 2*g = 10, -2*g + 24 = r + 2*g. Suppose r*v = -0*v - 96. What is the units digit of 2 - (v - (-5 - -2))?
3
Let o(q) = -2*q**2 + q + 3. Let p be o(2). Let z(k) = -28*k. Let y be z(p). What is the units digit of 3480/y - (-3)/(-7)?
1
Let z(v) = -81*v - 1. Let j(b) = 41*b + 1. Let l(p) = 5*j(p) + 2*z(p). What is the tens digit of l(1)?
4
Let t(s) be the third derivative of -13*s**6/720 + s**5/40 + s**4/4 + 2*s**2. Let j(u) be the second derivative of t(u). What is the tens digit of j(-2)?
2
Let c(m) be the second derivative of m**4/12 - 5*m**3/6 - 49*m**2/2 - 3*m - 5. What is the tens digit of c(12)?
3
Let s(b) = -4*b + 1 + 0*b + 0*b + 5*b. Let p be 18/4 - 4/8. What is the units digit of s(p)?
5
Suppose -3*x = h + 3501 - 1265, -2*h = x + 747. Let j be x/35 - 4/(-14). What is the tens digit of (60/28 + -3)*j?
1
Suppose 3*u - 4*r - 93 = -22, 37 = u + 2*r. Suppose 4*l + 1 - u = -h, 2*l = -5*h - 4. Let q = -6 + l. What is the units digit of q?
2
Suppose 15 = i - 2. Let d = i + -8. Let k(x) = -x**3 + 10*x**2 - 9*x + 3. What is the units digit of k(d)?
3
Suppose l - 95 = -v, v - 3*v + 178 = -2*l. What is the units digit of (9 + 0)/(69/v)?
2
Suppose -x + 2 = 4. Let c be 222/(-2)*6/x. Suppose 3*i = 15, 0 = -4*j + 4*i - 93 + c. What is the tens digit of j?
6
Let l be -2 - -5 - (-2 - -18). Let s = l - -18. Suppose 4*u - s*u + 14 = 0. What is the tens digit of u?
1
What is the hundreds digit of ((-8)/3)/(-8) - (-7532)/12?
6
Suppose 65*z - 52998 = 43*z. What is the units digit of z?
9
Let q(o) = o**3 - 3*o**2 - 3*o - 4. Let n be q(4). Suppose -k = -n*k. Suppose -w + 4 + 1 = k. What is the units digit of w?
5
Let b(t) = 152*t - 175. What is the units digit of b(14)?
3
Let b be 3 - (4 - 1) - 4. Let d be (-6)/(-39) + b/26. Suppose -10 = -5*w, 4*w + d*w + 13 = c. What is the tens digit of c?
2
What is the hundreds digit of (-1 - 1) + (-13)/(234/(-48168))?
6
Let f(k) be the first derivative of 4/3*k**3 + 3/2*k**2 - 3*k - 1/4*k**4 + 3. What is the units digit of f(4)?
9
Let f(s) = 22*s - 2 - 6*s - 7. What is the tens digit of f(7)?
0
What is the units digit of (226/(-8))/(10/(-120))?
9
Let n(h) be the second derivative of 0 + 1/12*h**4 + h + 1/3*h**3 - 5/2*h**2. What is the tens digit of n(-8)?
4
What is the units digit of (-125)/(-50) - (-6173)/2?
9
Let i be (-19)/76 + 370/8. Suppose -2*y + 103 + 23 = -2*f, -5*y = -f - 335. Suppose 0*r + 2*r = -4*b + y, -5*b + i = r. What is the units digit of r?
6
Let o(p) = 14*p**2 - 23*p + 43. What is the units digit of o(-11)?
0
Let h(f) = -50*f + 2. What is the units digit of h(-10)?
2
Let q be 107/(-3) + (-9)/27. Let k be (q/5)/(17/(-425)). Suppose -4*a + k = -92. What is the tens digit of a?
6
Let v(c) = c**3 - 13*c**2 + 8*c - 60. What is the tens digit of v(15)?
1
What is the units digit of (-10)/(-3)*(-234)/(-15)?
2
Suppose -2*k - 968 = -2*l, 0*k + 2417 = 5*l - 2*k. Suppose 5*b - l = -2*b. What is the tens digit of b?
6
Let x(y) = 5*y**2 + y - 3. Let u(s) = 6*s**2 + 2*s - 3. Let j(p) = -6*u(p) + 7*x(p). Let a be j(-5). What is the units digit of 1/(2/14) + a?
4
Let f(d) = d**2 - 22*d - 17. Let i be f(19). Let w be 868/8 - 2/4. Let m = i + w. What is the tens digit of m?
3
Suppose 3*v + 3 = 0, -v = -4*q + 2*v - 29. Let g(z) = -7*z + 2*z**3 - 1 - 3*z**3 - 9*z**2 + 5*z - 7*z. What is the units digit of g(q)?
7
Let o(c) = -c**3 + 59*c**2 - 103*c + 19. What is the units digit of o(57)?
6
Let j(n) = -3*n - 6. Let a be j(-8). What is the units digit of a + 3 - (4 + -2)?
9
Let n = -598 + 649. What is the units digit of n?
1
Let w(o) = 375*o - 147. What is the thousands digit of w(4)?
1
Suppose 0*n - 4*n + 48 = 4*b, n = b - 12. Let t be (1 - -1) + (3 - 22). Let o = b - t. What is the tens digit of o?
2
Let s be 256/44 + (-6)/(-33). Suppose -4*l + 1 = 3*j + s, -4 = -4*j. What is the tens digit of -2*(-1)/l*-22?
2
Let d be 2/7 - (-18)/(-14). Let a be (-2 - 0) + -31 + d. Let b = 53 + a